t is the tens digit of 30041?
4
What is the hundreds digit of 509?
5
What is the units digit of 8309?
9
What is the thousands digit of 17007?
7
What is the hundreds digit of 3608?
6
What is the hundreds digit of 34695?
6
What is the thousands digit of 38147?
8
What is the tens digit of 159019?
1
What is the thousands digit of 40035?
0
What is the units digit of 131?
1
What is the tens digit of 2487?
8
What is the tens digit of 79385?
8
What is the units digit of 5414?
4
What is the hundreds digit of 4503?
5
What is the hundreds digit of 769?
7
What is the tens digit of 4818?
1
What is the hundreds digit of 1149?
1
What is the units digit of 98?
8
What is the units digit of 857?
7
What is the ten thousands digit of 15841?
1
What is the units digit of 15026?
6
What is the tens digit of 24008?
0
What is the units digit of 2993?
3
What is the tens digit of 2038?
3
What is the hundreds digit of 12850?
8
What is the hundreds digit of 771?
7
What is the tens digit of 657?
5
What is the ten thousands digit of 183384?
8
What is the thousands digit of 1701?
1
What is the thousands digit of 21307?
1
What is the hundreds digit of 91997?
9
What is the hundreds digit of 691?
6
What is the units digit of 1255?
5
What is the tens digit of 916?
1
What is the hundreds digit of 27267?
2
What is the hundreds digit of 43900?
9
What is the hundreds digit of 445?
4
What is the ten thousands digit of 38901?
3
What is the hundreds digit of 8687?
6
What is the tens digit of 44539?
3
What is the thousands digit of 57097?
7
What is the units digit of 137?
7
What is the units digit of 6175?
5
What is the tens digit of 1162?
6
What is the ten thousands digit of 33948?
3
What is the hundreds digit of 4135?
1
What is the hundreds digit of 1295?
2
What is the hundreds digit of 6482?
4
What is the hundred thousands digit of 106543?
1
What is the units digit of 4352?
2
What is the tens digit of 9947?
4
What is the thousands digit of 36315?
6
What is the hundreds digit of 1535?
5
What is the ten thousands digit of 53612?
5
What is the hundreds digit of 1090?
0
What is the thousands digit of 2793?
2
What is the tens digit of 2429?
2
What is the units digit of 588?
8
What is the hundreds digit of 459?
4
What is the thousands digit of 1225?
1
What is the tens digit of 1662?
6
What is the ten thousands digit of 37951?
3
What is the ten thousands digit of 19947?
1
What is the units digit of 52566?
6
What is the hundreds digit of 29824?
8
What is the thousands digit of 3703?
3
What is the tens digit of 76376?
7
What is the hundreds digit of 5317?
3
What is the units digit of 1100?
0
What is the hundreds digit of 14374?
3
What is the ten thousands digit of 165191?
6
What is the tens digit of 9748?
4
What is the thousands digit of 13175?
3
What is the tens digit of 938?
3
What is the hundreds digit of 15893?
8
What is the thousands digit of 2246?
2
What is the units digit of 18500?
0
What is the hundreds digit of 34322?
3
What is the hundreds digit of 3092?
0
What is the units digit of 8932?
2
What is the thousands digit of 178098?
8
What is the units digit of 1354?
4
What is the units digit of 11607?
7
What is the hundreds digit of 9636?
6
What is the ten thousands digit of 16487?
1
What is the hundreds digit of 984?
9
What is the tens digit of 63?
6
What is the thousands digit of 77842?
7
What is the hundreds digit of 939?
9
What is the hundred thousands digit of 196721?
1
What is the tens digit of 6981?
8
What is the tens digit of 19102?
0
What is the tens digit of 4076?
7
What is the tens digit of 38846?
4
What is the units digit of 2137?
7
What is the units digit of 191?
1
What is the tens digit of 165?
6
What is the hundreds digit of 71171?
1
What is the tens digit of 1590?
9
What is the thousands digit of 5247?
5
What is the hundreds digit of 32217?
2
What is the units digit of 2?
2
What is the tens digit of 11140?
4
What is the thousands digit of 1417?
1
What is the ten thousands digit of 44698?
4
What is the hundreds digit of 3814?
8
What is the hundreds digit of 3898?
8
What is the thousands digit of 28141?
8
What is the thousands digit of 2430?
2
What is the units digit of 41533?
3
What is the ten thousands digit of 28535?
2
What is the tens digit of 1576?
7
What is the thousands digit of 8587?
8
What is the ten thousands digit of 16144?
1
What is the tens digit of 47?
4
What is the units digit of 2530?
0
What is the tens digit of 433?
3
What is the units digit of 2267?
7
What is the units digit of 4080?
0
What is the hundreds digit of 1135?
1
What is the thousands digit of 7467?
7
What is the units digit of 5743?
3
What is the units digit of 26414?
4
What is the thousands digit of 3310?
3
What is the hundred thousands digit of 111886?
1
What is the tens digit of 92?
9
What is the units digit of 825?
5
What is the units digit of 4?
4
What is the hundreds digit of 2414?
4
What is the thousands digit of 41064?
1
What is the tens digit of 20573?
7
What is the thousands digit of 2600?
2
What is the ten thousands digit of 18331?
1
What is the ten thousands digit of 12240?
1
What is the units digit of 2738?
8
What is the tens digit of 39?
3
What is the units digit of 2782?
2
What is the thousands digit of 159739?
9
What is the thousands digit of 4344?
4
What is the ten thousands digit of 64785?
6
What is the units digit of 427?
7
What is the hundreds digit of 613?
6
What is the ten thousands digit of 62840?
6
What is the hundreds digit of 7570?
5
What is the hundreds digit of 38529?
5
What is the tens digit of 1132?
3
What is the tens digit of 1195?
9
What is the tens digit of 1357?
5
What is the units digit of 2166?
6
What is the tens digit of 95922?
2
What is the tens digit of 18257?
5
What is the hundreds digit of 847?
8
What is the units digit of 68489?
9
What is the hundreds digit of 469?
4
What is the tens digit of 2366?
6
What is the units digit of 505?
5
What is the hundreds digit of 2476?
4
What is the tens digit of 119344?
4
What is the units digit of 30305?
5
What is the thousands digit of 3156?
3
What is the hundreds digit of 2799?
7
What is the thousands digit of 2246?
2
What is the hundreds digit of 5504?
5
What is the tens digit of 11591?
9
What is the hundreds digit of 6623?
6
What is the units digit of 137107?
7
What is the units digit of 2024?
4
What is the hundreds digit of 40189?
1
What is the tens digit of 862?
6
What is the thousands digit of 76001?
6
What is the hundreds digit of 631?
6
What is the hundreds digit of 2634?
6
What is the tens digit of 6024?
2
What is the thousands digit of 5201?
5
What is the hundreds digit of 12299?
2
What is the thousands digit of 42303?
2
What is the tens digit of 37771?
7
What is the units digit of 3142?
2
What is the units digit of 8345?
5
What is the thousands digit of 29186?
9
What is the thousands digit of 18693?
8
What is the units digit of 747?
7
What is the ten thousands digit of 25026?
2
What is the units digit of 25164?
4
What is the tens digit of 15916?
1
What is the hundreds digit of 201?
2
What is the units digit of 99502?
2
What is the hundreds digit of 4186?
1
What is the thousands digit of 101022?
1
What is the thousands digit of 2586?
2
What is the thousands digit of 1396?
1
What is the units digit of 1299?
9
What is the tens digit of 955?
5
What is the thousands digit of 53654?
3
What is the units digit of 6669?
9
What is the hundreds digit of 7124?
1
What is the tens digit of 6865?
6
What is the ten thousands digit of 108323?
0
What is the tens digit of 3878?
7
What is the hundreds digit of 352?
3
What is the tens digit of 12011?
1
What is the tens digit of 6551?
5
What is the ten thousands digit of 25657?
2
What is the tens digit of 2050?
5
What is the ten thousands digit of 155647?
5
What is the tens digit of 547?
4
What is the thousands digit of 30782?
0
What is the units digit of 138844?
4
What is the hundreds digit of 60839?
8
What is the tens digit of 11436?
3
What is the ten thousands digit of 21331?
2
What is the thousands digit of 78075?
8
What is the units digit of 868?
8
What is the thousands digit of 1443?
1
What is the units digit of 43?
3
What is the tens digit of 762?
6
What is the thousands digit of 15262?
5
What is the hundreds digit of 8452?
4
What is the thousands digit of 11645?
1
